f l?
5, 31
Let j(b) = 42*b - 2. Let r be j(1). Let p = 5 - 17. Let s = p + r. List the prime factors of s.
2, 7
Let d = 25 + -18. Suppose -d*a - 75 + 824 = 0. List the prime factors of a.
107
Let s = 12 - -14. Suppose t - 2*b + 0 - s = 0, -4*t + 3*b = -104. Let n = t + -10. What are the prime factors of n?
2
Suppose 0 = -3*a - a - 16. What are the prime factors of (6 + a)*(-3)/12*-22?
11
Let t(z) = -6*z + 1. Let i be t(3). Let y(x) = -9*x**2 - 2*x - 1. Let d be y(-2). Let h = i - d. What are the prime factors of h?
2
Suppose 0 = 2*k - 5*k - 12. Let j(t) = -3*t**2 + t - 6. Let d(w) = -2*w**2 - 5. Let h(q) = 4*d(q) - 3*j(q). What are the prime factors of h(k)?
2, 13
Let k = 3 - 11. Let q(a) = a**2 - 3*a + 19. Let u be q(k). List the prime factors of 42/(-105) + u/5.
3, 7
Let m(v) = v + 0*v + 2 + 4*v. Suppose -32 = -10*s + 2*s. What are the prime factors of m(s)?
2, 11
Let x(i) = i - 3. Let o be x(6). Suppose -2*w = o*t + 6 - 52, t + 2 = -5*w. List the prime factors of (t/15)/(9/30).
2
What are the prime factors of (50 - 15)*(-28)/(-10)?
2, 7
Let k be (1 - -1)*(-4)/(-4). Let f(y) = -1 - 2 + y**2 + y + y**3 + 2 - k*y. List the prime factors of f(2).
3
Let u = 3775 - 2660. List the prime factors of u.
5, 223
Suppose 1741 - 319 = p. List the prime factors of p.
2, 3, 79
Let a(k) = 11*k**3 - 40*k**2 + 66*k - 83. Let n(y) = -4*y**3 + 13*y**2 - 22*y + 28. Let s(b) = -3*a(b) - 8*n(b). What are the prime factors of s(14)?
109
Let c = -125 + 209. Suppose 0*q - 2*n + c = q, 5*q - n - 442 = 0. List the prime factors of q.
2, 11
Suppose 10 = 7*t - 5*t. Suppose -4*a + 20 = 5*v, 0*v - 4*v - t*a + 7 = 0. List the prime factors of v.
2
Let f be (-3)/7 - (-1)/(28/1132). What are the prime factors of 35*((-4)/(-10))/(16/f)?
5, 7
Let s = -45 + 47. Suppose 6*p - 2*p = 4*t + 780, 0 = -5*p + s*t + 963. What are the prime factors of p?
191
Let b(y) = -y**3 - 5*y**2 - 2*y + 1. Let p be b(-2). Let r be 6/(-14) - 171/p. Suppose 12 = 3*z - r. List the prime factors of z.
2, 3
Let o be (2/5)/(1/(-10)). List the prime factors of o/((-81)/39 - -2).
2, 13
Let p = -701 - -1047. Suppose -i = 4*x - 159, -58 = 2*i + 2*x - p. What are the prime factors of i?
139
Let j = -441 - -507. List the prime factors of j.
2, 3, 11
List the prime factors of (-12 + -1244)*76/(-32).
19, 157
Let z be (7/((-14)/12))/((-3)/2). Suppose 11*c - z*c = 203. List the prime factors of c.
29
Let f be 1935/(-18) + (-3)/(-2). Let b = f - -262. List the prime factors of b.
2, 3, 13
Let m = -3410 - -5935. List the prime factors of m.
5, 101
Let x be 128/(1*(1 - 0)). Suppose 5*m = a - 37, 0 = 3*a + m - 15 - x. List the prime factors of a.
47
Let i(f) = -5. Let l(x) = x + 26. Let y(b) = -11*i(b) - 2*l(b). Suppose -44 = 5*q - 14. What are the prime factors of y(q)?
3, 5
Let m = -18 + 14. Let t(l) = l**2 - 8*l - 13. What are the prime factors of t(m)?
5, 7
Suppose -4*h - 24 = -0*h. Let f = -5 - h. What are the prime factors of (-1)/(1*f/(-11))?
11
Let o be ((-9)/6)/((-6)/4) - -2. Suppose 0 = 5*a + c + o*c - 301, -a + 2*c = -63. List the prime factors of a.
61
Let t(k) = k**3 + 3*k**2 - 4*k - 4. Let i be t(-3). Let c(a) be the first derivative of a**2 + a - 2. What are the prime factors of c(i)?
17
Suppose 2*y = 4*z + 698, 363 = 2*y - 2*z - 335. List the prime factors of y.
349
Let b = 14 + 558. Suppose 10*v - 178 = b. List the prime factors of v.
3, 5
Let k be (4 - 12)/4 - -4. Suppose 5*m = 10, -k*z - m + 2*m = -70. List the prime factors of z.
2, 3
Suppose 25 = 4*h + h. Suppose -2*f + 3*p + 192 = -f, -880 = -h*f - 5*p. List the prime factors of f.
2, 3, 5
Let o = -1 - -3. Suppose -49 = o*y - r, 5*r = y + 5 + 33. Let s = y + 53. What are the prime factors of s?
2, 3, 5
Let d be 524 + -2 + 3 + 4. Let l = d - 352. What are the prime factors of l?
3, 59
Suppose 4*y + 3*g + 2*g + 1568 = 0, y + 2*g + 392 = 0. Let h = 583 + y. List the prime factors of h.
191
Let u(l) = 826*l + 21. List the prime factors of u(1).
7, 11
Let y(a) = -2*a**2 + a + 2. Let v be y(2). Let z be v/(-9)*45/10. Suppose z*g + 23 = 109. List the prime factors of g.
43
List the prime factors of -5 - -8 - (1 - 15).
17
Let y(w) = -338*w + 33. What are the prime factors of y(-3)?
3, 349
Let w = -37 + 33. List the prime factors of 73 + w*(-4)/16.
2, 37
Let j = -723 + 1222. List the prime factors of j.
499
Let n = 15 - 3. List the prime factors of (-141)/(-9) - (-4)/n.
2
Let u be 151 + (0 - -5) + -6. Suppose -r + 20 = 3*o - 3*r, 2*r = -o + 4. Suppose -u = 3*m - o*m. What are the prime factors of m?
2, 5
Suppose k - 28935 = -11*j, -3*j - 2*k = 4396 - 12296. What are the prime factors of j?
2, 5, 263
Suppose l = 73 + 3. Suppose 3*g - l = 2*g. List the prime factors of g.
2, 19
Let c = -17 - -41. Suppose 0*q = -2*q - c. Let h = q + 14. List the prime factors of h.
2
Let x be (-4)/(-18) - 4/18. Suppose -i + b = -x + 3, 4*i - b - 3 = 0. Suppose 7*o = i*o + 15. List the prime factors of o.
3
Let u(d) = -d**3 + 4*d + 1. Let t be u(3). Let j be (-1 - (-1)/2)*32. Let g = t - j. List the prime factors of g.
2
Let f = 304 + 633. List the prime factors of f.
937
Suppose -4*v + 24 = -4*i, -25 + 6 = 3*i - 2*v. What are the prime factors of 542/6*18/(-42)*i?
271
Let v be 12/4 - (0 - 0 - 1). What are the prime factors of 118 - -2*-1*v/8?
3, 13
Suppose c - 5*u - 3654 = 0, 8*c - 29407 = -0*u + 5*u. What are the prime factors of c?
13, 283
Suppose 0 = 4*d - o - o + 314, 5*d + 380 = 5*o. Let f = d - -248. List the prime factors of f.
167
Suppose -468*g + 8385 = -455*g. What are the prime factors of g?
3, 5, 43
Suppose -236*p - 24540 = -241*p. What are the prime factors of p?
2, 3, 409
Let d = -11 - -12. Let k = d - -4. Let q = k - -24. What are the prime factors of q?
29
Let f(y) = -y**2 + 20*y - 17. Let t be f(19). Suppose 13*m - 12*m + t = 0. Let u(a) = -4*a**3 - 2*a - 4. What are the prime factors of u(m)?
2
Let i = -26 - -28. Suppose 0 = -i*d + 3*u + 60 + 21, 5*u + 87 = 2*d. Suppose -2*c - 3*v = -d, 4*v = 4*c - 3*c - 29. List the prime factors of c.
3, 7
Suppose -2*b + 5*y - 50 = -4*b, 2*y - 84 = -4*b. Suppose 3*l + b = -i - 0*i, l = i. What are the prime factors of ((-6)/l)/(4/80)?
2, 3
Suppose -32*k + 45 = -37*k. What are the prime factors of -95*(k/10 - (-8)/16)?
2, 19
Let l(h) = 6*h - 5. Let j be l(2). Suppose g = j*g - 744. What are the prime factors of g?
2, 31
Suppose 5*j - 7*t - 9415 = -5*t, 0 = -j - 3*t + 1866. List the prime factors of j.
3, 11, 19
Suppose -5*o - 14 = 31. Let q = -24 - o. Let d = 26 + q. What are the prime factors of d?
11
Let s be (-3)/(-4 - (-19)/4). Let l = s - -8. Suppose -3*h = a - 63, l*a + 3*h - 315 = -a. What are the prime factors of a?
3, 7
Suppose -82*m = -77*m - 12020. List the prime factors of m.
2, 601
Let a(x) = 2*x - 4. Let z(u) = 10*u - 20. Let l(c) = -28*a(c) + 6*z(c). Let n be l(7). Suppose -n = -3*i + 22. What are the prime factors of i?
2, 7
Let w(c) = c**2 - 9*c - 4. Let s be w(9). Let n = -5 - s. What are the prime factors of 16 + 0/(0 - n)?
2
Suppose 2*j = j. Suppose -5*z + 35 = -5*x, -z - x + 3 + 2 = j. What are the prime factors of z*18*(-1)/(-2)?
2, 3
Suppose -3*v + 1765 = 3*p + 2*v, 0 = 5*p + 5*v - 2945. What are the prime factors of p?
2, 5, 59
Suppose 0 = -t - 4*t - 60. What are the prime factors of 285*((-4)/t - 0)?
5, 19
Let q = 29 + -27. Suppose -q*j - 3*w + 694 = 0, -10 = 3*w + 2*w. Suppose 4*i = -i + j. List the prime factors of i.
2, 5, 7
Suppose 0 = -229*o + 234*o - 1660. List the prime factors of o.
2, 83
Suppose -5*f + 4*f = -2. Suppose f*u + 0 = 50. What are the prime factors of u/9 + 8/36?
3
What are the prime factors of -6 + 9 + 3 - (-1 + -1231)?
2, 619
Suppose -2016 = -4*c - 4*y, -3*y = -8 + 2. List the prime factors of c.
2, 251
Let b(v) = -16*v - 2. Let z be b(-6). Suppose 362 + z = 3*g. Suppose g = -4*f + 8*f. List the prime factors of f.
2, 19
Let b(u) = 34*u**2 + 13*u + 35*u**2 - 70*u**2. List the prime factors of b(5).
2, 5
Let f(w) = -7*w + 31. List the prime factors of f(-3).
2, 13
Suppose 14*q = -15*q + 13920. List the prime factors of q.
2, 3, 5
Let m(u) = -37*u + 49. List the prime factors of m(-5).
2, 3, 13
Let g(y) = -y + 3. Let a be g(3). Suppose r + 4*s - 5 - 5 = 0, 4*r + 4*s = 16. Suppose -p + r + 4 = a. What are the prime factors of p?
2, 3
Let s be 10/(-6) - 2/(-3). Let x = 5 + s.